0b5
Convert 836 (base 10) to base 16.
344
-12021111 (base 3) to base 5
-110342
Convert 2653 (base 7) to base 14.
52a
What is -11a39 (base 11) in base 8?
-41510
-b12 (base 13) to base 2
-11101010010
Convert -2130 (base 4) to base 16.
-9c
What is -1122122121 (base 3) in base 14?
-bc11
-103 (base 4) to base 10
-19
What is 1416 (base 7) in base 4?
20220
What is -341434 (base 5) in base 6?
-132035
What is -54054 (base 10) in base 3?
-2202011000
Convert 320031 (base 7) to base 5.
3231440
What is -234100 (base 5) in base 10?
-8650
Convert -3d8 (base 14) to base 11.
-648
-4a68 (base 11) to base 4
-1213100
Convert 139 (base 11) to base 6.
431
What is 3f78 (base 16) in base 13?
751b
1360 (base 8) to base 15
352
What is -1055 (base 6) in base 5?
-2001
Convert 60604 (base 7) to base 8.
34560
What is 3112 (base 7) in base 3?
1111021
Convert 1273 (base 9) to base 4.
32331
-b4 (base 14) to base 8
-236
-340a (base 11) to base 8
-10607
Convert -a734 (base 11) to base 9.
-21421
What is 26358 (base 9) in base 5?
1032132
What is -749 (base 15) in base 7?
-4536
Convert 4404 (base 6) to base 10.
1012
Convert 643b (base 14) to base 5.
1023201
5a40 (base 14) to base 15
49e1
24206 (base 9) to base 10
16206
Convert -10020001 (base 3) to base 10.
-2350
-10101110100010 (base 2) to base 13
-5113
1022202 (base 3) to base 14
4cd
-21365 (base 8) to base 13
-40c5
Convert 176c (base 14) to base 15.
13ac
-231231 (base 5) to base 7
-33150
Convert 20ca (base 15) to base 13.
320b
Convert df6 (base 16) to base 13.
181c
What is -11010212 (base 3) in base 13?
-14b4
cc (base 13) to base 6
440
26011 (base 8) to base 12
6635
2a0 (base 16) to base 10
672
-1011a (base 11) to base 2
-11100110111111
Convert 1150212 (base 6) to base 11.
41908
-1433 (base 7) to base 9
-685
Convert 5484 (base 12) to base 14.
3576
Convert 1100201 (base 3) to base 4.
33133
Convert 1044d (base 16) to base 2.
10000010001001101
86c9 (base 14) to base 11
16567
2176 (base 8) to base 4
101332
1972 (base 10) to base 3
2201001
Convert 10453 (base 7) to base 3.
10121121
-211576 (base 8) to base 15
-15d6b
Convert 134676 (base 9) to base 7.
461442
Convert -560 (base 8) to base 3.
-111122
What is 157b (base 14) in base 5?
110313
-1110110111000 (base 2) to base 10
-7608
Convert -1101011010001 (base 2) to base 15.
-207a
-823 (base 15) to base 3
-2111220
-1300221 (base 4) to base 10
-7209
Convert 123341 (base 5) to base 8.
11356
What is -2e8 (base 15) in base 6?
-3032
What is -1167 (base 8) in base 12?
-447
Convert 32 (base 12) to base 3.
1102
Convert -20305 (base 6) to base 14.
-db3
Convert -11785 (base 9) to base 15.
-253e
-641 (base 11) to base 7
-2151
-8b (base 12) to base 10
-107
What is -16220 (base 7) in base 2?
-1000111011011
3030 (base 6) to base 15
2e6
Convert 200002201 (base 3) to base 10.
13195
Convert 10053 (base 7) to base 16.
987
What is -60134 (base 7) in base 14?
-53c4
214220 (base 5) to base 8
16413
Convert 14030 (base 5) to base 16.
474
Convert 3442 (base 8) to base 5.
24301
-831 (base 12) to base 5
-14224
Convert -423 (base 9) to base 7.
-1002
What is 2065 (base 9) in base 2?
10111101101
-4653 (base 14) to base 5
-342400
-4366 (base 8) to base 16
-8f6
4a90 (base 11) to base 4
1213221
Convert ba62 (base 15) to base 11.
2771a
Convert -14123 (base 6) to base 9.
-3026
-12fb (base 16) to base 3
-20122222
Convert -ee (base 15) to base 6.
-1012
Convert 1043a (base 11) to base 14.
5756
What is -1491 (base 15) in base 4?
-1010323
Convert 13144 (base 5) to base 10.
1049
Convert -15a52 (base 12) to base 6.
-354542
Convert -3b6 (base 12) to base 8.
-1072
10 (base 8) to base 5
13
1016 (base 13) to base 7
6314
What is -65243 (base 10) in base 9?
-108442
Convert 1420 (base 12) to base 6.
14440
-112052 (base 6) to base 2
-10010101000000
-6600 (base 14) to base 11
-12287
37 (base 10) to base 16
25
What is -3766 (base 8) in base 10?
-2038
13131 (base 4) to base 12
339
1434 (base 7) to base 8
1064
Convert 124755 (base 9) to base 4.
102132320
What is -237 (base 11) in base 13?
-189
-db6 (base 16) to base 6
-24130
Convert 2114 (base 5) to base 6.
1152
What is e84 (base 16) in base 9?
5078
What is -5cc5 (base 13) in base 16?
-3376
Convert -100011101111 (base 2) to base 7.
-6445
Convert 56441 (base 7) to base 5.
424123
-777 (base 13) to base 9
-1673
197 (base 13) to base 8
445
-1db1 (base 14) to base 10
-5447
-241031 (base 5) to base 6
-105055
13a (base 11) to base 8
244
What is -19a3 (base 12) in base 5?
-100042
7f8 (base 16) to base 2
11111111000
-441 (base 7) to base 14
-121
What is -4014 (base 12) in base 9?
-10447
Convert 9a (base 12) to base 7.
226
Convert 12030012 (base 4) to base 5.
1302400
Convert 6324 (base 8) to base 10.
3284
What is -222 (base 13) in base 5?
-2431
What is -2229 (base 11) in base 4?
-231313
-301 (base 7) to base 12
-104
Convert 66a (base 15) to base 4.
112222
Convert -272e (base 15) to base 11.
-6319
-457 (base 8) to base 11
-256
11111211 (base 3) to base 13
1660
-114 (base 13) to base 5
-1221
What is 3210 (base 4) in base 13?
147
What is -11234 (base 11) in base 2?
-11111101111011
What is -8601 (base 11) in base 13?
-5240
-2114 (base 5) to base 10
-284
Convert 1001011010100010 (base 2) to base 14.
100a6
Convert -10110110100 (base 2) to base 3.
-2000002
What is 2d53 (base 16) in base 9?
16822
Convert -1b477 (base 13) to base 2.
-1101000011111110
Convert 1743 (base 9) to base 6.
10103
-110011111001 (base 2) to base 3
-11120000
What is 25534 (base 6) in base 2?
111100100010
Convert 1739 (base 12) to base 2.
101011011101
Convert 70f (base 16) to base 5.
24212
What is -121132 (base 5) in base 11?
-345a
Convert 433 (base 9) to base 7.
1014
Convert 120001 (base 3) to base 6.
1514
What is 556e (base 16) in base 12?
107a6
-93 (base 12) to base 2
-1101111
Convert -435 (base 9) to base 8.
-544
Convert -b (base 16) to base 4.
-23
Convert 4102 (base 7) to base 11.
1084
2316 (base 7) to base 3
1011100
-1784 (base 15) to base 5
-130244
Convert 117cb (base 13) to base 4.
13311230
What is 6626 (base 10) in base 15?
1e6b
Convert -35640 (base 10) to base 2.
-1000101100111000
Convert 104321 (base 5) to base 15.
1176
What is -105 (base 9) in base 8?
-126
-120023 (base 4) to base 14
-7c7
2065 (base 14) to base 5
134302
Convert -2342 (base 5) to base 12.
-24b
What is -9532 (base 14) in base 8?
-62170
-1234210 (base 6) to base 4
-100113132
What is 20 (base 15) in base 8?
36
103002 (base 5) to base 2
110110101110
What is 2410 (base 5) in base 8?
543
-5a2 (base 11) to base 12
-4b9
-35a (base 16) to base 9
-1153
Convert -160 (base 14) to base 9.
-341
Convert -11b (base 14) to base 16.
-dd
Convert -4120 (base 5) to base 7.
-1363
Convert 178 (base 10) to base 7.
343
-10021 (base 3) to base 12
-74
-15250 (base 7) to base 4
-1002121
Convert 4b1 (base 12) to base 13.
427
195 (base 15) to base 12
265
Convert 2606 (base 7) to base 11.
817
99 (base 12) to base 2
1110101
23123 (base 5) to base 11
1282
Convert 27792 (base 10) to base 3.
1102010100
54717 (base 9) to base 10
36304
-51052 (base 6) to base 8
-15110
Convert 100110110010011 (base 2) to base 10.
19859
-3135 (base 13) to base 8
-15224
Convert 12084 (base 15) to base 8.
160233
What is 2a3 (base 14) in base 10?
535
Convert 110010100000 (base 2) to base 7.
12265
What is 172b3 (base 12) in base 4?
20013213
171a (base 11) to base 10
2199
Convert 8759 (base 11) to base 12.
6833
What is 42421 (base 6) in base 16?
168d
-5af (base 16) to base 13
-87c
1130303 (base 4) to base 12
352b
455 (base 10) to base 5
3310
What is 314 (base 11) in base 13?
231
11101011101010 (base 2) to base 15
4707
-1142 (base 14) to base 11
-2286
1c4c (base 14) to base 16
142c
Convert -16977 (base 13) to base 2.
-1010100101100010
1a7 (base 12) to base 9
331
Convert 1617 (base 9) to base 7.
3406
62c (base 16) to base 7
4415
What is -a1f (base 16) in base 9?
-3488
What is 31320 (base 5) in base 9?
2766
Convert 1835 (base 10) to base 13.
ab2
What is -1010 (base 3) in base 10?
-30
1b6 (base 15) to base 8
614
What is -364 (base 7) in base 10?
-193
What is 403 (base 11) in base 4?
13213
What is 1cc (base 15) in base 4?
12201
-101100101001011 (base 2) to base 15
-6b8e
-30aa (base 13) to base 14
-264b
Convert 1a96 (base 16) to base 8.
15226
What is 13012 (base 9) in base 15?
28de
Convert 10402 (base 6) to base 14.
75